 is -1444341 + 12?
-1444324
In base 2, what is 100000010 + -1001000001101?
-1000100001011
In base 15, what is -4 + -473b3?
-473b7
In base 13, what is -4 + -32c3c6?
-32c3ca
In base 8, what is -1 - -6772171?
6772170
In base 4, what is 210 - 20120322?
-20120112
In base 9, what is -52 + -360?
-422
In base 12, what is 3 - -38729?
38730
In base 12, what is 75 + 6a89?
6b42
In base 4, what is 111 - -102323?
103100
In base 5, what is 1332 + 2000?
3332
In base 16, what is 11d - -d63?
e80
In base 7, what is 55155 + 3?
55161
In base 2, what is 100010110110100 - 110?
100010110101110
In base 3, what is -10102 - -111220011?
111202202
In base 3, what is -1221010122 + -2?
-1221010201
In base 7, what is 162 + 230?
422
In base 16, what is -1a0 - 43?
-1e3
In base 11, what is 145873 + 3?
145876
In base 3, what is 11 + -1122212001?
-1122211220
In base 12, what is -3 + 2143a6?
2143a3
In base 7, what is 2 + -1303442?
-1303440
In base 6, what is -450142 + 1024?
-445114
In base 9, what is 20 + -7136?
-7116
In base 14, what is 13985 + -3?
13982
In base 14, what is -14 + 3b6?
3a2
In base 16, what is -5 + 10b3?
10ae
In base 5, what is 1400041 + 1120?
1401211
In base 5, what is 40 - -201042?
201132
In base 4, what is 232 + -11?
221
In base 9, what is -5253 - -27?
-5225
In base 11, what is 28236 - -1?
28237
In base 5, what is 2400 - -234?
3134
In base 10, what is 696 - 765?
-69
In base 10, what is 5 + 511876?
511881
In base 9, what is -35 - -4135?
4100
In base 14, what is -6a6 - 8?
-6b0
In base 3, what is 11000012 - 1100?
10221212
In base 3, what is 2011011012 - 11?
2011011001
In base 6, what is -1415052 + 0?
-1415052
In base 13, what is 416 - -155?
56b
In base 11, what is -5 - 10837?
-10841
In base 10, what is -1160 + 4?
-1156
In base 8, what is 2 + 2424107?
2424111
In base 12, what is 1503 - -31?
1534
In base 11, what is -1 - 6449?
-644a
In base 2, what is -10101 - -110000010000001000?
110000001111110011
In base 12, what is 462183 + 1?
462184
In base 16, what is fef0 - 5?
feeb
In base 6, what is -45 - 221313?
-221402
In base 4, what is 0 - -13033231133?
13033231133
In base 8, what is 2 + 124347?
124351
In base 13, what is 19629 - -7?
19633
In base 8, what is -1107557 + 0?
-1107557
In base 15, what is -9d - 25a8?
-2656
In base 2, what is 100111111100 - -101100?
101000101000
In base 5, what is -4 - 103241?
-103300
In base 2, what is 0 - -1001001011011111?
1001001011011111
In base 3, what is -100 - -2001210?
2001110
In base 7, what is 50 + 24523?
24603
In base 4, what is 11 - -112131?
112202
In base 12, what is 1146 - -814?
195a
In base 10, what is -7599 - 76?
-7675
In base 4, what is -333311 - -11?
-333300
In base 6, what is 114452 + -523?
113525
In base 10, what is 5 + -14415?
-14410
In base 15, what is -4 - -2ba1?
2b9c
In base 10, what is -211078 + -5?
-211083
In base 7, what is -52152 - -24?
-52125
In base 9, what is 0 - 805664?
-805664
In base 9, what is 10 - -65581?
65601
In base 8, what is -7 - -1040332?
1040323
In base 6, what is -113 - -4123330?
4123213
In base 9, what is -11478 - -126?
-11352
In base 3, what is -10 - -2012210?
2012200
In base 4, what is 1300 + 330221?
332121
In base 7, what is 3555532 + 3?
3555535
In base 8, what is 454334 - 5?
454327
In base 10, what is 2895 - 453?
2442
In base 8, what is -253 + 2570?
2315
In base 15, what is 5a + 497?
502
In base 6, what is 121 + 30125?
30250
In base 12, what is -263415 - 0?
-263415
In base 7, what is -1121 + 1661?
540
In base 3, what is 222111101 - -122?
222112000
In base 9, what is 1327 - -74?
1412
In base 8, what is -3665730 - 5?
-3665735
In base 6, what is 4 - -215023?
215031
In base 13, what is -1038 + 15?
-1023
In base 16, what is -230f - -50?
-22bf
In base 2, what is -10111 - 1010000000010001?
-1010000000101000
In base 15, what is -710 - -11c?
-5e3
In base 10, what is 3 - -26224?
26227
In base 5, what is 1044 - -30?
1124
In base 9, what is 330 - -1530?
1860
In base 10, what is -331801 + -6?
-331807
In base 14, what is -10 + cabd?
caad
In base 16, what is -11da - 15?
-11ef
In base 12, what is -42a02 - 0?
-42a02
In base 7, what is -134 + 121?
-13
In base 12, what is 42 + -1a6a?
-1a28
In base 10, what is 0 + 99983?
99983
In base 9, what is -12141 + -11?
-12152
In base 2, what is -100001101 - 10101010?
-110110111
In base 13, what is b - 1824?
-1816
In base 5, what is 44343 + 4?
44402
In base 14, what is 6 - -8a0c?
8a14
In base 7, what is -35640 - -4?
-35633
In base 14, what is 10d - -176?
285
In base 11, what is -89 - -178?
9a
In base 15, what is 5 + -3cddc?
-3cdd7
In base 6, what is -35 + 1003?
524
In base 16, what is 9 - -91f1?
91fa
In base 11, what is 1a82 + 15?
1a97
In base 14, what is 288c + 1?
288d
In base 13, what is -5b572 + 4?
-5b56b
In base 6, what is 4425 + 311?
5140
In base 14, what is -1bb8 + 3?
-1bb5
In base 8, what is 675 + -23?
652
In base 9, what is -82212 + -40?
-82252
In base 7, what is 65 - 35502?
-35404
In base 8, what is -6417035 + 1?
-6417034
In base 4, what is 3 - -222331310?
222331313
In base 12, what is -2604b + -5?
-26054
In base 7, what is 262 - -443?
1035
In base 3, what is -20112212211 - 0?
-20112212211
In base 6, what is 24120 - 3?
24113
In base 5, what is -1 + 1213433?
1213432
In base 8, what is 21 - -3075?
3116
In base 3, what is -1100 - -200212?
122112
In base 12, what is -4bb0 + 7?
-4ba5
In base 8, what is 3435320 - -3?
3435323
In base 9, what is 5 + 457618?
457624
In base 4, what is 11323300 - 11?
11323223
In base 13, what is 3 + -50a8?
-50a5
In base 13, what is -160b4 + 3?
-160b1
In base 14, what is 5 + -bcb4?
-bcad
In base 4, what is 1332 - 11301?
-3303
In base 4, what is 213123331 + 11?
213130002
In base 6, what is -41135 + -140?
-41315
In base 13, what is -3312 - 4?
-3316
In base 5, what is 30 + -221331?
-221301
In base 9, what is 1 - -482310?
482311
In base 16, what is 1de5 + 30?
1e15
In base 11, what is 580998 + -2?
580996
In base 4, what is -3 + -10033220230?
-10033220233
In base 13, what is -3 - 2c22?
-2c25
In base 2, what is -11001010101 + -10000011?
-11011011000
In base 6, what is 35524312 + 1?
35524313
In base 16, what is 2 + -1a187?
-1a185
In base 15, what is 1 + b8d0?
b8d1
In base 13, what is 10 - 4a08?
-49c8
In base 2, what is -100000011 - 1000100111011?
-1001000111110
In base 5, what is 13100210 - -10?
13100220
In base 5, what is 4 - -14310?
14314
In base 3, what is -12 + 12101012020?
12101012001
In base 11, what is -123 + -310?
-433
In base 8, what is -1171 + -3477?
-4670
In base 5, what is 2144 - -2?
2201
In base 2, what is 100101010111011 + -11111?
100101010011100
In base 14, what is -1dd65 + -2?
-1dd67
In base 6, what is -43012 - 15?
-43031
In base 8, what is 504661 - 5?
504654
In base 15, what is 1 + 15b321?
15b322
In base 10, what is -646 + 250?
-396
In base 9, what is 11653 - 3?
11650
In base 12, what is 4b49 + 5?
4b52
In base 13, what is -1b8 + 72b?
543
In base 14, what is -92d6 - 2?
-92d8
In base 12, what is 6573 + -2?
6571
In base 16, what is 97 - 8b7?
-820
In base 7, what is 14310253 - 4?
14310246
In base 10, what is 139 + -69?
70
In base 11, what is 1023 + -191?
942
In base 3, what is -11202100111220 + 1?
-11202100111212
In base 10, what is -20231 + 10?
-20221
In base 9, what is 800 - 71?
718
In base 4, what is 13 - 220203?
-220130
In base 4, what is -2 - 111303202?
-111303210
In base 16, what is -1 - -8c91?
8c90
In base 16, what is 14f04 - -5?
14f09
In base 14, what is ca69 + 24?
ca8d
In base 11, what is -31a - a187?
-a4a6
In base 10, what is 30 - 21113?
-21083
In base 3, what is -12012121 - 201200?
-12221021
In base 7, what is -15020 - 132?
-15152
In base 2, what is -1101011000000 - 1100?
-1101011001100
In base 16, what is -b443d - -5?
-b4438
In base 4, what is 23201 + -10130?
13011
In base 5, what is -14 + 242441?
242422
In base 7, what is 6 + -20010?
-20001
In base 3, what is -220211212 + -10?
-220211222
In base 16, what is -a + -148a7?
-148b1
In base 6, what is -2013 + -1223?
-3240
In base 10, what is -5 - -15696?
15691
In base 12, what is 47929 - -5?
47932
In base 3, what is -120 - 2000200110?
-2000201000
In base 2, what is -10 + 10000011010001110?
10000011010001100
In base 5, what is 22231244 + 1?
22231300
In base 7, what is 5 + 511612?
511620
In base 3, what is -21102211002 + 11?
-21102210221
In base 3, what is 10 - 11022200?
-11022120